r?
True
Is 722704369 a prime number?
True
Is 268675732681 prime?
True
Is 5090937457 a composite number?
True
Is 6174341609 a composite number?
False
Is 22530839357 a composite number?
True
Is 43458791773 prime?
True
Is 7663429469 prime?
True
Is 2481285943 a composite number?
True
Is 2011267243 a composite number?
True
Is 35795403271 composite?
True
Is 91770517 a prime number?
True
Is 6329794123 a composite number?
False
Is 14091917401 composite?
True
Is 1625480867 prime?
True
Is 570802669 a composite number?
True
Is 599892709357 prime?
True
Is 443412691 prime?
True
Is 39780661013 composite?
False
Is 498561706 composite?
True
Is 200015789 prime?
True
Is 11485695979 a prime number?
False
Is 155319883165 prime?
False
Is 628871411 composite?
True
Is 763426889 a prime number?
True
Is 1626377387 prime?
False
Is 5594939107 a composite number?
False
Is 1917275834 prime?
False
Is 13825912589 composite?
True
Is 15009765031 a composite number?
True
Is 1180446359 prime?
True
Is 3350462953 a composite number?
False
Is 24094419299 a composite number?
True
Is 1580917547 a composite number?
True
Is 2355573851 a composite number?
False
Is 2857993805 prime?
False
Is 733380577 composite?
False
Is 21876619343 a composite number?
False
Is 20985266411 a composite number?
False
Is 334755089 prime?
False
Is 37675973077 a composite number?
False
Is 7222027223 composite?
False
Is 2489748649 a prime number?
False
Is 400225919 a prime number?
True
Is 182084713 composite?
False
Is 25216913 composite?
True
Is 1537480157 a prime number?
True
Is 7602063377 composite?
False
Is 12485501467 a composite number?
False
Is 205942853 a prime number?
True
Is 353295809 composite?
True
Is 3612393899 prime?
True
Is 3131036617 a prime number?
True
Is 6661269313 a prime number?
False
Is 4508890357 a composite number?
True
Is 17292612881 prime?
False
Is 112483697 a composite number?
False
Is 5880131737 a composite number?
True
Is 131816969 a composite number?
False
Is 6690650819 a prime number?
True
Is 317065621067 composite?
True
Is 64808187539 a composite number?
False
Is 11904901 a prime number?
True
Is 621359647 a prime number?
False
Is 3234755933 prime?
True
Is 2521614533 prime?
False
Is 4800560627 prime?
True
Is 1690728889 composite?
True
Is 16771420709 a prime number?
True
Is 14105854927 composite?
False
Is 1506879991 a composite number?
True
Is 164220249129 a composite number?
True
Is 816741769 a prime number?
False
Is 116002097977 a prime number?
True
Is 3551105827 a prime number?
False
Is 384297989 composite?
True
Is 470843629 a prime number?
True
Is 214162523 a composite number?
True
Is 12197383723 prime?
False
Is 51675767291 a prime number?
False
Is 37737016529 a prime number?
True
Is 53106260081 prime?
False
Is 6666071 a prime number?
False
Is 16849085209 composite?
True
Is 38658745462 composite?
True
Is 380368939 a composite number?
True
Is 5315956001 a composite number?
True
Is 12543197021 composite?
False
Is 1497868003 a prime number?
False
Is 203887867 a prime number?
True
Is 10439931641 prime?
True
Is 291272477 a prime number?
False
Is 10505734207 a prime number?
True
Is 101984703 composite?
True
Is 13142757431 composite?
False
Is 19877372663 a composite number?
False
Is 31187555283 a prime number?
False
Is 224546723 a prime number?
False
Is 11063143981 composite?
False
Is 4216151569 prime?
False
Is 4806666461 a prime number?
False
Is 691542589 composite?
False
Is 44823459442 a composite number?
True
Is 28544639 a composite number?
True
Is 7494808117 a prime number?
True
Is 76103483 a composite number?
True
Is 1040459051 a composite number?
False
Is 50826198497 a composite number?
True
Is 8710969931 a prime number?
False
Is 151578787 a composite number?
True
Is 2528516189 a composite number?
True
Is 371882501 a composite number?
False
Is 2223380191 composite?
True
Is 32013737147 a composite number?
True
Is 3336584158 a composite number?
True
Is 4234194257 a prime number?
True
Is 892748279 a composite number?
False
Is 19725880817 prime?
False
Is 4690569061 prime?
False
Is 283416527 a prime number?
False
Is 252616817 a composite number?
False
Is 5605120789 a composite number?
True
Is 25749929129 a prime number?
False
Is 154223527 composite?
False
Is 175226882 a prime number?
False
Is 27132502183 a prime number?
False
Is 2037865013 a prime number?
False
Is 3348630371 a prime number?
True
Is 7932299 a prime number?
False
Is 1908334951 composite?
True
Is 832972739 a composite number?
False
Is 52352666201 a composite number?
True
Is 135777996871 prime?
False
Is 590382829 composite?
True
Is 23916489059 composite?
False
Is 411878147 prime?
True
Is 1981451611 composite?
False
Is 272391653 a composite number?
False
Is 40460875717 a composite number?
False
Is 121403210095 a prime number?
False
Is 5320546787 a prime number?
True
Is 5488217417 a prime number?
False
Is 2233280339 a prime number?
True
Is 4526335691 prime?
True
Is 1522804271 prime?
False
Is 802030547 a prime number?
True
Is 7239519283 a prime number?
True
Is 14253440497 a composite number?
False
Is 11496654853 a composite number?
False
Is 773918174 a composite number?
True
Is 319941619 prime?
True
Is 20001588143 a prime number?
True
Is 337903439 a prime number?
False
Is 3675946889 prime?
True
Is 18441986441 a composite number?
False
Is 170989589161 a composite number?
False
Is 111039978227 prime?
True
Is 12318806699 prime?
True
Is 745340933 a prime number?
True
Is 67096649 a prime number?
True
Is 82099621 a prime number?
False
Is 3385794551 prime?
False
Is 2123728693 a composite number?
False
Is 8914817519 a prime number?
True
Is 484783457 composite?
False
Is 27280648621 prime?
True
Is 200187182933 composite?
True
Is 303296351 a prime number?
True
Is 27506268323 prime?
True
Is 3501182057 a composite number?
True
Is 11022506249 prime?
True
Is 21269126833 a composite number?
True
Is 159580703 a prime number?
True
Is 320067762953 composite?
False
Is 3123854093 composite?
True
Is 11783479969 a prime number?
True
Is 26195564687 prime?
True
Is 202779987143 a composite number?
False
Is 650246449 prime?
False
Is 9785827085 composite?
True
Is 2686306187 prime?
False
Is 17924863543 prime?
False
Is 204805327 a prime number?
True
Is 49187532209 composite?
False
Is 15253576879 prime?
False
Is 137093441 prime?
True
Is 4201691107 a prime number?
False
Is 1456223861 a prime number?
True
Is 12697885391 composite?
True
Is 15462743 a prime number?
False
Is 3446107603 prime?
False
Is 887980039 a prime number?
True
Is 25571150251 a composite number?
False
Is 1608711473 a composite number?
True
Is 1421885779 prime?
True
Is 13135434379 composite?
True
Is 7349716181 prime?
False
Is 24946901989 composite?
False
Is 9834293857 a prime number?
True
Is 36294434783 prime?
True
Is 961166323 a prime number?
False
Is 395218477 prime?
False
Is 1471794166 a composite number?
True
Is 55877403017 a composite number?
False
Is 43004625619 prime?
False
Is 150187099 a prime number?
True
Is 10489152677 a composite number?
True
Is 3466798141 a prime number?
True
Is 2526251461 a prime number?
True
Is 9516483115 composite?
True
Is 4644332097 prime?
False
Is 1197162451 a composite number?
True
Is 4420993649 prime?
False
Is 2152052597 a prime number?
True
Is 1053979561 a prime number?
False
Is 1342250447 a composite number?
True
Is 9915622961 a composite number?
False
Is 6028363207 a prime number?
False
Is 11043327494 a prime number?
False
Is 4372171 composite?
True
Is 35660349499 a prime number?
False
Is 20425157405 composite?
True
Is 1071116173 prime?
True
Is 74856239023 a prime number?
False
Is 1706195113 a composite number?
True
Is 623844509 composite?
False
Is 8684023529 a composite number?
False
Is 13313712089 composite?
False
Is 434138207 a prime number?
False
Is 2089943683 composite?
False
Is 4823084083 prime?
True
Is 13078201 a composite number?
True
Is 2752121987 a prime number?
False
Is 4773769271 composite?
True
Is 139584750791 a composite number?
False
Is 212353 prime?
True
Is 2477219813 composite?
False
Is 3383989117 prime?
True
Is 12065342977 prime?
True
Is 27780639014 composite?
True
Is 1261465943 composite?
True
Is 353887109 a composite number?
False
Is 220119841 composite?
True
Is 30475580693 composite?
True
Is 3669358463 composite?
False
Is 20